= 16, n - 16 = -r - t*r. Suppose r*u - 14 = 55. Calculate the highest common factor of u and 207.
23
Suppose -75 - 46 = -s. Suppose 0*x - 5*x - 20 = -5*g, -2*g = -3*x - 10. Suppose -g*o = -4*o + 22. What is the highest common divisor of o and s?
11
Let i(c) = 53*c**2 - 1. Let f be i(1). Calculate the greatest common divisor of 78 and f.
26
Suppose -v - 952 = -5*v. What is the highest common factor of 68 and v?
34
Let u be (-3)/(-6)*6 - -1. Suppose -5*s + 2 + 9 = -w, -s = -3*w + 9. What is the highest common divisor of u and w?
4
Suppose 6*h - 3*h = 105. Let q(z) = -z**3 + 5*z**2 + 6*z - 11. Let j be q(6). Let d = j + 25. Calculate the greatest common factor of d and h.
7
Let w(t) = 2*t + 43. Let q be w(-17). Suppose 2*p + 3 = u - q, -4*u + 75 = p. What is the highest common factor of u and 48?
6
Suppose 132 = -56*v + 62*v. Calculate the greatest common factor of v and 627.
11
Let f be (1650/175)/((-6)/(-63)). What is the highest common divisor of 342 and f?
9
Suppose 0 = 19*z + 9 - 541. What is the greatest common divisor of 42 and z?
14
Suppose -12 = -2*a + 64. Suppose -16*p = 10 - 314. What is the greatest common divisor of a and p?
19
Let k(s) = s**2 - 2*s - 2. Let u be k(3). Suppose -2*y - 3*d = -9, 5 = y + 4*d - 2*d. Calculate the greatest common divisor of u and y.
1
Let y(t) = -54*t - 72. Let w be y(-2). What is the greatest common divisor of w and 63?
9
Let r = 37 - 11. Suppose 2*p + 6 = -4*y, 0 = -6*p + p + 4*y - 29. Let v be (p/(-4))/((-3)/(-156)). Calculate the greatest common divisor of v and r.
13
Suppose r - w = 5*r - 286, -4*r - 5*w + 294 = 0. Let t = 83 - r. Let o(z) = 15*z + 6. Let y be o(6). What is the highest common factor of t and y?
12
Let c = -409 - -579. Calculate the highest common factor of 30 and c.
10
Let s = 122 - 106. Suppose c + 387 = 3*i + 2*c, -4*c + 12 = 0. Calculate the greatest common factor of s and i.
16
Let y = -147 + 150. Calculate the greatest common divisor of y and 177.
3
Let z(v) = -v**2 - 35*v + 51. Let w be z(-33). Calculate the greatest common divisor of 91 and w.
13
Let l = -525 + 921. Suppose -i = 5*m - 400, -3*i - l - 4 = -5*m. What is the highest common factor of 32 and m?
16
Let n be ((-2)/(-8))/(7 - (-5538)/(-792)). What is the highest common divisor of 792 and n?
33
Let i = -14 + 25. Suppose 0 = -16*m + i*m + 185. What is the highest common factor of m and 185?
37
Let d be 9/(-1*4/(-4)). Let u(q) = -11*q - q**3 + d*q**2 + 7 + 2*q - q. Let p be u(6). What is the highest common factor of p and 11?
11
Let h(l) = 44*l**2 - 49*l + 49. Let y be h(1). What is the highest common divisor of y and 20?
4
Let y = -1618 + 1758. What is the greatest common factor of 63 and y?
7
Suppose z - 155 = -4*n + 53, -2*n + 2 = 0. Calculate the greatest common divisor of 24 and z.
12
Let d = 10 - 1. Suppose 5*k + 4 - d = 0. Let z = 77 + -73. What is the highest common factor of k and z?
1
Let d = -9 + 7. Let b(k) = 139*k**3 + 3*k**2 + k - 2. Let m be b(d). Let j be 12/(-30) - m/10. Calculate the greatest common divisor of j and 22.
22
Let w be ((-224)/8)/7 - -364. What is the highest common factor of 15 and w?
15
Suppose -2*t + 3*t + 5*k - 465 = 0, -449 = -t + 3*k. What is the greatest common factor of t and 13?
13
Suppose 0 = -m + 14 - 3. Suppose -4 = -3*z + m. Suppose -b + 0 = -z*v + 13, -12 = -2*v - 3*b. What is the greatest common divisor of 24 and v?
3
Let b = 393 - 379. Calculate the highest common divisor of 63 and b.
7
Let b be 0/(-2)*1 + 2. Let t(v) = 19*v - 20. Let o be t(-7). Let u = o - -158. Calculate the greatest common factor of u and b.
1
Suppose 25*f = 11394 + 3181. Calculate the highest common factor of 22 and f.
11
Let r = -69 - -120. Let u be (r/6 + 0)/((-2)/(-28)). Suppose -7*i + 3*i + 68 = 0. What is the highest common divisor of u and i?
17
Let z = 29 + 19. Let a be 354/45 - 8/(-60). Let i(h) = -h**3 + 5*h**2 + 27*h - 16. Let q be i(a). What is the highest common divisor of q and z?
8
Suppose -2*v = -3*n - 208, -v = n + 44 + 22. Let d be (-76)/n - 1 - (-740)/68. Calculate the highest common divisor of d and 11.
11
Let z be (11/(-2))/(8 - 85/10). Calculate the highest common factor of z and 407.
11
Let v = 68 - 39. Suppose -7*w = -v - 27. Calculate the greatest common divisor of w and 1.
1
Let m = 24 + -24. Suppose 3*n + s = 30, n + s - 12 = -m*n. Calculate the greatest common divisor of 81 and n.
9
Let o be (4536/243)/((-2)/(-36)). What is the greatest common divisor of o and 21?
21
Let l be (120/(-25))/(1/(-15)). Suppose -135*b - 54 = -138*b. What is the highest common divisor of l and b?
18
Let t = 1 + 4. Let m = -796 + 811. What is the greatest common factor of t and m?
5
Let b = -13 - -15. Suppose 0 = -6*w + b*w + 216. Calculate the highest common factor of 6 and w.
6
Suppose 2*l = -l + 72. Let v(g) = -g**3 - 3*g**2 + g + 6. Let x be v(0). What is the highest common divisor of x and l?
6
Let w be (-4 - -3)/((-3)/6). Let d(m) = 3*m**2 - m - 4. Let i be d(w). Calculate the highest common divisor of 66 and i.
6
Let s(i) = 3*i + 18. Let j(u) = u + 19. Let t be j(-13). Let o be s(t). What is the greatest common factor of 54 and o?
18
Suppose 0 = 2*o - 7 - 77. Let b be 7 - (2/(-2) - 20). What is the highest common factor of o and b?
14
Let f(o) = o**2 + 26*o + 88. Let j be f(22). Calculate the greatest common factor of j and 8.
8
Let f(j) = j**3 + 6*j**2 - 7*j + 4. Let d be f(-7). Let a(b) = b**3 + 4*b**3 - d*b**3 - 2*b. Let z be a(3). Calculate the highest common divisor of z and 231.
21
Suppose 11*c + 37440 = 26*c. What is the highest common factor of c and 39?
39
Let a be 9/72 + (-9)/8. Let c be a/((-4)/76*1). What is the greatest common divisor of 95 and c?
19
Let l(y) = y**2 + 2*y - 13. Let q be l(-5). Let z be (4 - 5) + (q - -8). Calculate the greatest common divisor of z and 2.
1
Let w(x) = 5*x**2 + 5*x - 10. Let f be w(2). Let t = 2 - -2. Suppose 328 - 92 = s + t*c, -5*s + 1084 = -4*c. Calculate the greatest common divisor of s and f.
20
Suppose -3*x - 131 = -4*y, 9*x = y + 10*x - 31. What is the greatest common factor of 140 and y?
4
Let k(r) = -9*r - 99. Let g be k(-12). Suppose -4*y - 2*s = 3*s - 35, y + s - 10 = 0. Calculate the highest common factor of g and y.
3
Let f = 553 - 413. Calculate the greatest common factor of 35 and f.
35
Let r be -2 + -3 + 2 - -87. Let c = -6 - -10. Suppose -c*m + 3*i = -39, 3*i = m - 2 - 1. Calculate the highest common factor of r and m.
12
Suppose 3*d - 5*s - 34 = 0, -5*d + s = -0*s - 86. Let m be 174/10*(10 - 5) - -2. Let c = m + -62. Calculate the highest common divisor of d and c.
9
Let u(y) = -2*y**3 + 7*y**2 - 3*y + 13. Let t be u(5). Let k = 101 + t. Calculate the greatest common factor of k and 6.
6
Let y(a) = 31*a**2 - 5. Let k be y(2). Calculate the greatest common factor of 7 and k.
7
Let n = -11 + 29. Calculate the highest common divisor of 42 and n.
6
Suppose -14 = -0*t - t. Let a(k) = k**3 - 35*k**2 + k + 2. Let b be a(35). Let y = 107 - b. What is the greatest common divisor of t and y?
14
Suppose 2*c = 3*c + a - 35, -5*c = -3*a - 135. Calculate the greatest common divisor of c and 160.
10
Let o(w) = -11*w - 10. Let i be o(-4). Suppose 4*a = 638 + i. Suppose -6*x + 2*x = -a. Calculate the greatest common factor of x and 105.
21
Let z(s) = s**3 + s**2 + 99. Let r be ((-1 + 1)/(-2))/2. Let m be z(r). Let w = 172 + -163. Calculate the highest common factor of m and w.
9
Let o be (-30 - (-3 + 8))*-2. What is the highest common factor of o and 100?
10
Suppose -19*h + 0 = -38. Suppose h*l + 38 = 5*j, 4*j + 6*l - 4*l - 34 = 0. Calculate the greatest common divisor of 88 and j.
8
Let w = 242 + -196. Calculate the greatest common divisor of w and 23.
23
Suppose n + 2*a + 2*a = 31, 0 = -2*n - a + 27. Let w be 3 - 39/((-6)/2). Let c be 2/((w/44)/2). What is the highest common divisor of n and c?
11
Let t(k) = k**3 - 8*k**2 + 6*k + 9. Let y be t(7). Suppose y*s - 22 + 2 = 0. What is the highest common factor of s and 15?
5
Let z be 36/27*27*(-9)/(-6). Suppose -k - 12 = -4*k. Let s be 1/k + 642/24. Calculate the greatest common factor of z and s.
27
Suppose 4*p + 4*z - 64 = 0, -3*z - 23 - 41 = -4*p. Calculate the highest common factor of 992 and p.
16
Let u be 5 - (3 - 4) - 65/(-5). Calculate the greatest common factor of u and 3439.
19
Let n =